factor of p and 5?
1
Suppose 4*o + 5*b - 28 = 0, -21 = -3*o - 4*b + 3*b. Suppose -o*g = -0*g - 168. What is the greatest common factor of 18 and g?
6
Let l(y) = y**3 - 5*y**2 - 12*y + 57. Let j be l(6). Suppose 4*d - 448 = 476. What is the greatest common factor of j and d?
21
Let g = 260 + -5. Calculate the greatest common divisor of 15 and g.
15
Let m(a) = 3*a**2 + a + 4. Let d be m(-3). Suppose 8*j + 5 = 7*j. Let b be (-3082)/(-10) - (-1)/j. What is the highest common divisor of b and d?
28
Suppose -h - 2*m = -30, -146 = -3*h + m - 56. Let w be 11 - 6*5/h. What is the highest common divisor of 110 and w?
10
Let f = -26 + 31. Suppose f*w = -w + 42. Calculate the greatest common divisor of 14 and w.
7
Let b(v) = v**2 + 11*v - 9. Let n be b(-12). Let s(p) = -6 - n*p + 4*p + 3*p + 1. Let j be s(2). Calculate the highest common factor of j and 21.
3
Let l(k) = -2258*k + 222. Let u be l(-1). Calculate the highest common divisor of 20 and u.
20
Suppose -3*y = 3*b - 1827, -2*b = b + y - 1829. Calculate the highest common divisor of 10 and b.
10
Let c = -11 + 38. Let i = 47 - c. What is the highest common divisor of i and 5?
5
Let n = -344 + 401. What is the highest common divisor of n and 3?
3
Let c be (1/4)/(5/(-20)). Let l = 8 + c. Calculate the highest common divisor of 14 and l.
7
Let a = -9 + 10. Let d(t) = 19*t**3 - t**2 + t - 1. Let o be d(a). Suppose -2*l - 3*l = -10. Calculate the greatest common divisor of l and o.
2
Suppose 0 = 3*n - 210 - 135. Calculate the greatest common factor of n and 10.
5
Suppose 3*j - 4*l - 200 = 0, -57 = -j + 2*l + 9. What is the greatest common factor of 16 and j?
4
Let k(g) = -85*g + 426. Let y be k(5). What is the greatest common divisor of 67 and y?
1
Suppose 14*b = 9*b + 20. Suppose -5*u = -b*u - 48. Calculate the greatest common divisor of 12 and u.
12
Let r = 77 - 118. Let h = -17 - r. Let i be ((-12)/(-24))/(1/72). Calculate the greatest common divisor of i and h.
12
Suppose -10*q + 428 = -1102. What is the greatest common factor of q and 136?
17
Suppose 5*j - 5*a = 7*j - 429, -606 = -3*j + 5*a. What is the greatest common divisor of j and 23?
23
Suppose 0 = 3*o - 17 - 115. What is the greatest common divisor of o and 198?
22
Let n = -60 - -348. Suppose n = 2*d + q, 5*d - 3*q = -0*q + 720. What is the greatest common divisor of 36 and d?
36
Let q be (-10)/35 - (-1864)/56. Calculate the greatest common divisor of 319 and q.
11
Let a be (406/35 + -11)*2055. Calculate the greatest common factor of 137 and a.
137
Let j be 1 + 6/(-5) - (-2262)/(-65). Let q = 37 + j. Calculate the greatest common factor of 2 and q.
2
Suppose -5*r - z = -83, 0 = -6*r + 3*r + 2*z + 55. Calculate the highest common divisor of r and 3077.
17
Let q be (58/145)/(2/33)*25. Calculate the greatest common divisor of q and 275.
55
Let w be (-98)/(-5 + (1 - -2)). Suppose -63 = 4*r + 49. Let m = w + r. Calculate the greatest common divisor of m and 14.
7
Suppose 4*t + 3*q + 15 = -16, -5*t - 3*q = 38. Let n = t - -26. Let p = 121 + 31. What is the highest common divisor of n and p?
19
Let q = 231 - 84. What is the highest common factor of q and 35?
7
Let z(d) = -2*d**3 + 11*d**2 + 11*d - 6. Let w(k) = -k**3 + 8*k**2 - 7*k + 6. Let f be w(7). Let t be z(f). Calculate the highest common factor of 96 and t.
24
Let w be (1 - 71)/(1 + -3). Suppose 0 = k - 3, 0 = 5*b + 2*k - w - 1. Let i(m) = 5*m - 20. Let q be i(b). Calculate the greatest common divisor of q and 10.
10
Suppose b - 12 = 3*b. Let c(w) = -106*w - 2. Let m be c(b). Suppose m = 4*g + 250. What is the highest common divisor of 24 and g?
24
Let z be (100/(-90))/((-1)/18). What is the highest common divisor of z and 50?
10
Let h = -145 - -205. Calculate the highest common factor of h and 12.
12
Let x = 87 + -47. Let t be (-26)/(-2) + (22 - 27). What is the greatest common divisor of x and t?
8
Let r(x) be the first derivative of 11*x**2/2 - 29*x - 5. Let g be r(7). What is the highest common factor of g and 3?
3
Suppose -1762 = -28*g + 2298. Let h = 182 - 124. Calculate the greatest common factor of h and g.
29
Let y be (1 + 6/(-15))*30. Suppose 3*q + y = 4*o - 7, o - 3*q - 4 = 0. Calculate the highest common divisor of o and 7.
7
Suppose -5*d + 88 = -47. Suppose 653 = 5*l + 3*q, -q = 4*l + 2*q - 520. Let i be (-3)/(2/8*-6) + l. Calculate the highest common divisor of d and i.
27
Suppose 61*f - 105 - 2640 = 0. What is the highest common divisor of f and 420?
15
Let k = 5 + 58. Let i be (-3 - (-76)/16)/((-3)/(-12)). What is the greatest common divisor of k and i?
7
Let k(o) = -4*o - 2*o + 0*o**2 + 3*o - o**3 - 2*o**2. Let l be k(-2). Let t be (-3)/25*-5*5. Calculate the highest common divisor of l and t.
3
Suppose -4*x + 7 = 3*p - 2*p, -5*p - x + 35 = 0. Suppose -p*h + 8*h - 8 = 0. What is the highest common factor of 8 and h?
8
Let x be (-2)/(-4) + 126/28. Suppose -37 = -x*y - 2. What is the greatest common factor of y and 49?
7
Let p = 35 + -33. Suppose 0 = 4*h - c - 58, -2*h + c + 34 = -p*c. Calculate the highest common divisor of 14 and h.
14
Suppose -2*v + 15 = 2*v + x, -2*x + 6 = 0. Suppose 2*k + v = -27. Let s be 6/k + (-171)/(-15). Calculate the greatest common factor of 11 and s.
11
Suppose 105 = -k - 69. Let d be k/(-21) + 6/(-21). What is the highest common divisor of d and 56?
8
Let p be 828/(-54)*(-2 - 46). What is the highest common divisor of p and 46?
46
Let z = 52 + -36. Let r = 13 + -11. What is the highest common divisor of z and r?
2
Let u be 13/(0 - 1 - -2). Suppose 14*k = u*k. Suppose 2*c + 3*l = 20, k*l + 3*l - 6 = 0. Calculate the highest common divisor of 28 and c.
7
Suppose 2*f - 61 = 961. Suppose -3*s + 203 = -f. What is the highest common factor of 34 and s?
34
Suppose 4*y = b + 6483, -5*y - 135*b + 8109 = -138*b. What is the highest common factor of 108 and y?
108
Suppose 5*h - i + 29 = -0*i, h + 4*i = 11. Let x be 13/(325/10) - 173/h. What is the highest common divisor of 5 and x?
5
Let n(a) = 2*a**3 - 4*a**2 - 2. Let z be n(3). Let d(y) = -y - 3. Let w be d(-7). What is the highest common divisor of z and w?
4
Let c = -118 - -214. Calculate the highest common factor of c and 6.
6
Suppose n = -3*t + 43, 8 = t - 4*n - 15. Let b be (17/(-2) - -1)/((-18)/36). Calculate the highest common factor of t and b.
15
Let k(s) = -s**3 + 2*s**2 + 6*s - 6. Let r be k(3). Suppose 6 - 30 = r*f. Let b be 3/12 + (-238)/f. What is the greatest common divisor of b and 10?
10
Let c(g) = 11*g + 196. Let r be c(-17). What is the greatest common divisor of r and 369?
9
Let g be 6 - (-2 + -3 + -34). What is the greatest common divisor of g and 30?
15
Suppose -1957 = -4*z - v + 2*v, -3*v + 9 = 0. What is the greatest common factor of 30 and z?
10
Let x(u) = 5*u - 31. Let n be x(17). What is the highest common divisor of n and 18?
18
Suppose 0 = 2*a - 5*m - 31, -2*a + 5*a + 5*m = 109. Let u be (0 + -12)*15/(-45). Let v be u - -1 - (-3 + 1)*1. What is the highest common factor of v and a?
7
Let o(m) = -m**3 + 2*m**2 + 8*m + 12. Let j be o(-3). Let f be -2 - -1*65 - -3. Suppose -5*c = -2*c - f. Calculate the greatest common factor of j and c.
11
Let f(g) = -10*g. Let x be f(-3). Let b(i) = 2*i - 11. Let z be b(7). Suppose w = -2*j - 2*j - 6, -2*w - z = 5*j. What is the greatest common factor of w and x?
6
Let q be 12/((-5)/(-20)*6/(-7)). Let i be -10*38/(-16) - 14/q. Calculate the highest common factor of 36 and i.
12
Let g be 7/(2 + 22/(-12)). Let f be ((-16)/(-10))/((-24)/(-60)) - -10. Calculate the highest common divisor of f and g.
14
Let b(k) = -k**3 - 7*k**2 + 13*k - 15. Let o be b(-9). Calculate the greatest common divisor of o and 20.
10
Suppose 4*m + 13 = 3*i, 0*i + 55 = -5*m - 4*i. Let q be (-1006)/m - -4*(-2)/(-28). Suppose 5*v - 87 = 3. Calculate the greatest common divisor of v and q.
18
Suppose -79*d - 15*d + 4606 = 0. What is the greatest common divisor of d and 245?
49
Let w = -706 + 715. Let o be 1/(2 - 1)*-8. Let q = 17 + o. Calculate the greatest common divisor of q and w.
9
Let v = -15 + 34. Suppose -24*u + 15 = -v*u. Suppose 3*h + 117 = -5*m + 307, -u*m + 125 = 4*h. Calculate the highest common divisor of 35 and m.
35
Let w(x) = -x**3 - 5*x**2 + 3*x + 11. Let q be w(-6). Let i = 41 - q. What is the highest common divisor of 12 and i?
12
Let n = -1204 - -2972. W